f m?
0
Let s = -14 + 59. What is the units digit of s?
5
Let k(d) = d + 5. Let f be k(-4). Let w = -5 + f. Let c(n) = n**3 + 3*n**2 - 6*n - 5. What is the units digit of c(w)?
3
Suppose -12*y + 1 - 13 = 0. Suppose 3*a - 4*c + 32 = 0, 3*c + 2*c = 25. What is the units digit of 24 + a + -1 + y?
8
Let x be 32/14 - (-2)/(-7). Let y be 1 + x + -3 - 0. What is the units digit of (4 - (y + -1)) + -1?
4
Let y(z) = -z**3 - 5*z**2 + 2*z - 4. Let f be y(-6). Let t = f + -13. Suppose 5*l + t = 27. What is the units digit of l?
4
Let m be 0*2/(4 - 0). Suppose m = -5*c - 5*w, -2*c = -5*w - 15 - 20. Suppose -5*d = -c - 5. What is the units digit of d?
2
Let b be (-171)/(-4) + (-6)/8. Suppose 2*r - 8*r + b = 0. What is the units digit of r?
7
Suppose l - 5*l - 160 = 0. Let g = l - -69. What is the tens digit of g?
2
Let f(u) = 9*u**3 + u**2. Let j be f(1). Let o = j - 7. What is the units digit of o?
3
Suppose 4*x = 3*u + 149 - 433, 5 = -x. What is the units digit of u?
8
Let r = 6 + -4. Let c be (-2)/(-8)*10*r. Suppose 4*q = -3*i - 0*q + 28, 0 = -c*i - 3*q + 43. What is the units digit of i?
8
Let u(f) = f + 4. Let w be u(-2). Suppose -29 = w*h - 3*h. What is the units digit of h?
9
Let f(q) = q**3 - 2*q**2 - 2*q + 4. Let o be f(3). Suppose -2*x + 11 = -9. Suppose -x = -p + o. What is the units digit of p?
7
Let x(o) = -14*o + 5. Let c(v) = v. Let s(j) = 5*j + 1. Let g(r) = -4*c(r) + s(r). Let z(a) = 4*g(a) - x(a). What is the units digit of z(1)?
7
Let f(a) = -2*a - 7. Let q be f(-5). Let z(b) be the second derivative of b**3/3 - 3*b**2/2 + 13*b. What is the units digit of z(q)?
3
Suppose -5*h = -10*h + 20. Let u be (960/(-45))/((-2)/3). Suppose h*p - 29 = b + u, 3*p + b - 51 = 0. What is the tens digit of p?
1
Suppose 4*d = 3 + 1. Let m be d/(0 + (-3)/(-6)). Let r = m - -3. What is the units digit of r?
5
Let n(u) = 4*u**3 - 2*u**2 - u - 2. Let q be n(2). Suppose 0 = -3*r - q - 25. Let z = 1 - r. What is the units digit of z?
6
Suppose 264 = -22*q + 2376. What is the units digit of q?
6
Let x = -82 - -143. What is the units digit of x?
1
Suppose -4*w = -2*d - 588, -3*d = 4*w - 789 + 221. What is the hundreds digit of w?
1
Suppose -5*o + 0*t + 4*t + 23 = 0, o - 2*t = 1. Let w(l) = l - 1. What is the units digit of w(o)?
6
Let i = -3 - -6. Suppose 2*k - i = 5. What is the units digit of k?
4
Let y be (3 - 0)*(-2)/(-3). Suppose 2*i - 2*u - 3 = 3*u, 2*u = 5*i - 60. Suppose y*z - 6 = i. What is the tens digit of z?
1
Let w(b) = -b**3 - 3*b**2 - 1. What is the units digit of w(-4)?
5
Suppose -c - 2 = -18. What is the tens digit of c?
1
Suppose -5*p = 4*j - 325, 0 = 8*j - 3*j - 2*p - 398. What is the units digit of j?
0
Let y(k) = -10*k**3 + 3*k**2 + 2*k - 2. What is the units digit of y(-2)?
6
Suppose -h - 1 = 2*w, -2*w - 3 - 3 = -4*h. What is the units digit of (h/(-2))/((-2)/48)?
2
Suppose 4*l = 4*d + d + 952, 0 = 5*l + 4*d - 1231. What is the units digit of l?
3
Let q(i) = i**3 + 6*i**2 + i + 4. Let w be q(-6). Let h = w - -11. What is the units digit of h?
9
Let w = 15 - 10. Suppose 0 = 5*v + 5*p - 10, w*v - 2 = 3*p - 0. Let j = v + 1. What is the units digit of j?
2
Let v(u) = -4*u**2 - 3*u + 7. Let b be v(7). What is the tens digit of (b/7)/(3/(-2))?
2
Let t(k) = k**2 + k. Let z(s) = 3*s**2 + 4*s. Let v(n) = 4*t(n) - z(n). What is the units digit of v(5)?
5
Let a be (9 - 6) + (-64)/(-2). Suppose -7*y + 2*y + a = 0. What is the units digit of y?
7
Let f(d) = 9*d**2 + d + 2. What is the tens digit of f(2)?
4
Let h(t) be the third derivative of t**7/5040 - t**6/720 + t**5/20 - t**2. Let o(n) be the third derivative of h(n). What is the units digit of o(6)?
5
Suppose u = -13 - 8. What is the units digit of (-12)/9*1*u?
8
Let q(f) = f**2 + 6*f - 6. What is the units digit of q(-11)?
9
What is the units digit of ((-14)/(-5))/(-1 + (-66)/(-65))?
2
Let w(r) = r**3 + 10*r**2 + 8*r - 9. Let m be w(-9). Suppose 5*j - 4*k - 30 = k, m = -j - 5*k + 36. What is the tens digit of j?
1
Let c = 8 - 4. Suppose 55 - 11 = c*d. What is the tens digit of d?
1
Suppose 4*a + q - 158 = 0, 72 = 4*a - 2*a + 4*q. What is the units digit of a?
0
Let b be (-40)/6*(9 + -6). Let r be (b/5)/(1 - 2). Suppose 3*h - 2*h + 76 = 4*w, r*h - 20 = -2*w. What is the tens digit of w?
1
Let u = 0 + 2. Suppose 3*l = u*l - 19. Let q = -10 - l. What is the units digit of q?
9
Let w(t) = 104*t**3 + t**2 - 4*t + 3. What is the tens digit of w(1)?
0
Suppose -9 = -3*v + 12. Let j be 1*-1 - (v - 9). What is the units digit of ((-1)/2)/(j/(-12))?
6
Suppose 0 = y + 13 - 35. What is the units digit of y?
2
Let y = 6 - 10. Let t(u) = u**2 + 6*u + 2. Let w be t(-4). Let v = y - w. What is the units digit of v?
2
Let s(r) = 2*r - 3. What is the units digit of s(2)?
1
Let x = -78 - -110. What is the tens digit of x?
3
Suppose u = -4*a, -4*u + 4*a + 8 = -12. Suppose 5*r = -3*p + 5, 21 = -3*p + u*r - 10. Let q = -2 - p. What is the units digit of q?
3
Suppose 4*c = 3*p - c - 40, 4*c = 3*p - 35. Suppose 72 + 148 = p*l. What is the units digit of l?
4
Let r(j) = -j**3 + 8*j - 20. What is the tens digit of r(-6)?
4
Let a be (4/(-3))/((-5)/15). Suppose -4*c + 69 = g, -67 = -a*c - 3*g + 4*g. What is the tens digit of c?
1
Let r = 501 + -140. What is the units digit of r?
1
Suppose f = 6*f + 10. Suppose 0 = -3*n + 9 + 6. What is the units digit of 27/5 + f/n?
5
Suppose 3*z = 2*k - 39, -5*z - 11 - 4 = 0. What is the tens digit of k?
1
Suppose 13 = 5*n + y, 2*n + n - 4*y = -6. Suppose 0 = d + n*d - 12. What is the units digit of d?
4
What is the tens digit of (5 - 12)*30/(-7)?
3
Let n = -29 + 41. Suppose -n = 3*u - 33. What is the units digit of u?
7
Suppose -f + 79 - 7 = 0. What is the units digit of f?
2
Let j(t) = t**3 - 12*t**2 - 12*t + 18. What is the units digit of j(13)?
1
Let l = 23 - 8. Suppose 3*h = -2*h + l. Suppose 0 = -0*d + h*d - 6. What is the units digit of d?
2
Let c be (-4)/(-14) + 93/(-7). Suppose 0 = -v + p + 23, 5*v - 3*p + 3 = 122. Let r = v + c. What is the tens digit of r?
1
Suppose 4*a + 2*b = 18, 3*b = -2*a + 4 + 15. Suppose 3*y - 145 = -2*w, a*y - 144 = 5*w - 60. What is the units digit of y?
7
Suppose -4*f + 5*f + 4 = 0, -4*q + 5*f + 44 = 0. Suppose -3*a + q = 3. What is the units digit of a?
1
Suppose -3*v - 4*o + 29 = o, 4*v - 2*o - 4 = 0. Suppose 45 = 5*s + 2*d + 3*d, 4*s - v*d - 15 = 0. What is the units digit of s?
6
Suppose -4*g + 3 = -3*x - 12, -5*x = 3*g + 25. Let v(b) = -4*b + 11. Let m be v(0). Suppose -4*t - h + 21 = g, 3*t + h = t + m. What is the units digit of t?
5
Suppose 4*b + 16 = 0, -m = -4*m - 3*b - 3. What is the units digit of (-4)/(m/(-2) + 1)?
8
Suppose -4*a = -2 - 10. Suppose -4*p - 3*d = -83, 2*p - 4*d = -a*p + 96. What is the units digit of p?
0
Suppose 4*r = -3*t + t + 270, 3*r = -t + 200. What is the units digit of r?
5
Let f = 7 - -87. Suppose y - 5*y - 2*d = -220, 2*y + 5*d - f = 0. What is the tens digit of y?
5
Suppose 2*x = x. Suppose x = f - 3*f + 4. Suppose 2*s + 7 = 3*l, -7*s = -l - f*s + 11. What is the units digit of l?
1
Suppose -14 + 5 = -3*r. Suppose r*h = 67 - 7. Let g = 40 - h. What is the units digit of g?
0
Let d = 7 - -12. Suppose -4 = 4*v - 4*x, 0*x - d = -5*v - 3*x. What is the units digit of v?
2
Suppose 4*r - 5*j - 49 = 3, -2*j + 16 = 3*r. Suppose 5*x + r - 103 = 0. Suppose z - c - x = 0, 4*z - 46 = -3*c + c. What is the tens digit of z?
1
Let w = -11 - -21. What is the units digit of w?
0
Let r(l) = -l**3 + 2*l**2 + 2*l + 88. What is the tens digit of r(0)?
8
Let z = 7 + 56. Suppose -5*h + w + z = 0, 0 = 2*h - w + 3*w - 30. What is the tens digit of h?
1
Let g(j) = j**3 - 10*j**2 - 11*j + 5. Let f be g(11). Let l = f + -3. What is the units digit of l?
2
Let n(z) = -z**3 + 6*z**2 - 3*z - 3. Let o be n(6). What is the units digit of -2*2*o/12?
7
Suppose -188 = -0*x - 4*x. Let v = 71 - x. What is the units digit of (-30)/v*(0 - 4)?
5
Let z(x) = 19*x + 1. Let h be z(-3). Let y be (-2)/(-10) + h/(-20). Suppose 5*d + o - 23 = 0, -4*o = -2*d - y*o + 12. What is the units digit of d?
5
Suppose 13*r - 147 = 12*r. What is the tens digit of r?
4
Let a(h) = -2*h**3 - 2*h**2 + 3*h + 3. Let y be a(-2). Suppose 5*n = -y*s + 30, -3*s + 0*s = 2*n - 20. What is the units digit of s?
8
Suppose 5*k = 12 - 2. Suppose y + k = 4. Suppose -y*q + 9 = 1. What is the 